{"id":486,"date":"2018-02-08T19:09:17","date_gmt":"2018-02-08T19:09:17","guid":{"rendered":"https:\/\/hofguthomboll.de\/?page_id=486"},"modified":"2018-03-13T13:33:02","modified_gmt":"2018-03-13T13:33:02","slug":"gemuesebau","status":"publish","type":"page","link":"https:\/\/hofguthomboll.de\/?page_id=486","title":{"rendered":"Gem\u00fcsebau"},"content":{"rendered":"<p><img loading=\"lazy\" decoding=\"async\" class=\"alignnone size-medium wp-image-488\" src=\"https:\/\/hofguthomboll.de\/wp-content\/uploads\/2018\/02\/MMUR7936-300x225.jpg\" alt=\"\" width=\"300\" height=\"225\" srcset=\"https:\/\/hofguthomboll.de\/wp-content\/uploads\/2018\/02\/MMUR7936-300x225.jpg 300w, https:\/\/hofguthomboll.de\/wp-content\/uploads\/2018\/02\/MMUR7936-768x576.jpg 768w, https:\/\/hofguthomboll.de\/wp-content\/uploads\/2018\/02\/MMUR7936.jpg 1024w\" sizes=\"auto, (max-width: 300px) 100vw, 300px\" \/> <img loading=\"lazy\" decoding=\"async\" class=\"alignnone size-medium wp-image-489\" src=\"https:\/\/hofguthomboll.de\/wp-content\/uploads\/2018\/02\/QLBL4249-300x225.jpg\" alt=\"\" width=\"300\" height=\"225\" srcset=\"https:\/\/hofguthomboll.de\/wp-content\/uploads\/2018\/02\/QLBL4249-300x225.jpg 300w, https:\/\/hofguthomboll.de\/wp-content\/uploads\/2018\/02\/QLBL4249-768x576.jpg 768w, https:\/\/hofguthomboll.de\/wp-content\/uploads\/2018\/02\/QLBL4249-1024x768.jpg 1024w, https:\/\/hofguthomboll.de\/wp-content\/uploads\/2018\/02\/QLBL4249.jpg 1280w\" sizes=\"auto, (max-width: 300px) 100vw, 300px\" \/> <img loading=\"lazy\" decoding=\"async\" class=\"alignnone size-medium wp-image-490\" src=\"https:\/\/hofguthomboll.de\/wp-content\/uploads\/2018\/02\/TOZT6102-300x225.jpg\" alt=\"\" width=\"300\" height=\"225\" srcset=\"https:\/\/hofguthomboll.de\/wp-content\/uploads\/2018\/02\/TOZT6102-300x225.jpg 300w, https:\/\/hofguthomboll.de\/wp-content\/uploads\/2018\/02\/TOZT6102-768x576.jpg 768w, https:\/\/hofguthomboll.de\/wp-content\/uploads\/2018\/02\/TOZT6102.jpg 1024w\" sizes=\"auto, (max-width: 300px) 100vw, 300px\" \/> <img loading=\"lazy\" decoding=\"async\" class=\"alignnone size-medium wp-image-491\" src=\"https:\/\/hofguthomboll.de\/wp-content\/uploads\/2018\/02\/VJXN9187-300x225.jpg\" alt=\"\" width=\"300\" height=\"225\" srcset=\"https:\/\/hofguthomboll.de\/wp-content\/uploads\/2018\/02\/VJXN9187-300x225.jpg 300w, https:\/\/hofguthomboll.de\/wp-content\/uploads\/2018\/02\/VJXN9187-768x576.jpg 768w, https:\/\/hofguthomboll.de\/wp-content\/uploads\/2018\/02\/VJXN9187-1024x768.jpg 1024w, https:\/\/hofguthomboll.de\/wp-content\/uploads\/2018\/02\/VJXN9187.jpg 1280w\" sizes=\"auto, (max-width: 300px) 100vw, 300px\" \/><strong>Zwiebeln und K\u00fcrbisse auf dem Hofgut Homboll!<\/strong><\/p>\n<p>Seit 2016 hat der Junior Philipp Buhl auf dem Hofgut Homboll mit dem Anbau von Zwiebeln begonnen. Zun\u00e4chst startete er dieses Projekt zur Probe, denn schlie\u00dflich ist es notwendig, neue Sparten zu erschlie\u00dfen um das Hofgut langfristig zu erhalten. Mit sehr viel M\u00fche und ohne jegliche maschinelle Unterst\u00fctzung gelang es Philipp Buhl mit der starken Unterst\u00fctzung seiner Eltern die Zwiebel regional zu vermarkten. 2017 wurde das Projekt erweitert. Aus 0,3 ha im ersten Jahr wurden es nun 2,5 ha Anbaufl\u00e4che. Zus\u00e4tzlich zu den Zwiebeln kamen K\u00fcrbisse hinzu. Bei der Menge\u00a0 an Zwiebeln und K\u00fcrbissen ist eine reine Handarbeit nicht mehr m\u00f6glich. Daher war es notwendig, eine Investition in Maschinenanlagen zu t\u00e4tigen, die die Arbeit zum einen erleichtern, zum anderen aber auch beschleunigen soll. Es kommt viel Arbeit auf den Hof zu. Daher ist Philipp nach einer Zeit von 3 Jahren\u00a0 zum Jahreswechsel 2018 voll in den elterlichen Hof eingestiegen und hat somit seine Arbeitsstelle beim Gem\u00fcsebau Gro\u00dfhans verlassen. Er war dort seit April 2015 als Qualit\u00e4tsbeauftragter eingesetzt. Wir sind stolz darauf, einen Hofnachfolger zu haben, der neue Ideen mit einbringt und den Bestand des Hofguts langfristig sichert.<\/p>\n","protected":false},"excerpt":{"rendered":"<p>Zwiebeln und K\u00fcrbisse auf dem Hofgut Homboll! Seit 2016 hat der Junior Philipp Buhl auf dem Hofgut Homboll mit dem Anbau von Zwiebeln begonnen. Zun\u00e4chst startete er dieses Projekt zur Probe, denn schlie\u00dflich ist es notwendig, neue Sparten zu erschlie\u00dfen um das Hofgut langfristig zu erhalten. Mit sehr viel M\u00fche und ohne jegliche maschinelle Unterst\u00fctzung &hellip; <a href=\"https:\/\/hofguthomboll.de\/?page_id=486\" class=\"more-link\"><span class=\"screen-reader-text\">Gem\u00fcsebau<\/span> weiterlesen <span class=\"meta-nav\">&rarr;<\/span><\/a><\/p>\n","protected":false},"author":2,"featured_media":0,"parent":0,"menu_order":50,"comment_status":"closed","ping_status":"closed","template":"","meta":{"footnotes":""},"class_list":["post-486","page","type-page","status-publish","hentry"],"_links":{"self":[{"href":"https:\/\/hofguthomboll.de\/index.php?rest_route=\/wp\/v2\/pages\/486","targetHints":{"allow":["GET"]}}],"collection":[{"href":"https:\/\/hofguthomboll.de\/index.php?rest_route=\/wp\/v2\/pages"}],"about":[{"href":"https:\/\/hofguthomboll.de\/index.php?rest_route=\/wp\/v2\/types\/page"}],"author":[{"embeddable":true,"href":"https:\/\/hofguthomboll.de\/index.php?rest_route=\/wp\/v2\/users\/2"}],"replies":[{"embeddable":true,"href":"https:\/\/hofguthomboll.de\/index.php?rest_route=%2Fwp%2Fv2%2Fcomments&post=486"}],"version-history":[{"count":4,"href":"https:\/\/hofguthomboll.de\/index.php?rest_route=\/wp\/v2\/pages\/486\/revisions"}],"predecessor-version":[{"id":496,"href":"https:\/\/hofguthomboll.de\/index.php?rest_route=\/wp\/v2\/pages\/486\/revisions\/496"}],"wp:attachment":[{"href":"https:\/\/hofguthomboll.de\/index.php?rest_route=%2Fwp%2Fv2%2Fmedia&parent=486"}],"curies":[{"name":"wp","href":"https:\/\/api.w.org\/{rel}","templated":true}]}}

Gemüsebau

<p><img loading="lazy" decoding="async" class="alignnone size-medium wp-image-488" src="https://hofguthomboll.de/wp-content/uploads/2018/02/MMUR7936-300x225.jpg" alt="" width="300" height="225" srcset="https://hofguthomboll.de/wp-content/uploads/2018/02/MMUR7936-300x225.jpg 300w, https://hofguthomboll.de/wp-content/uploads/2018/02/MMUR7936-768x576.jpg 768w, https://hofguthomboll.de/wp-content/uploads/2018/02/MMUR7936.jpg 1024w" sizes="auto, (max-width: 300px) 100vw, 300px" /> <img loading="lazy" decoding="async" class="alignnone size-medium wp-image-489" src="https://hofguthomboll.de/wp-content/uploads/2018/02/QLBL4249-300x225.jpg" alt="" width="300" height="225" srcset="https://hofguthomboll.de/wp-content/uploads/2018/02/QLBL4249-300x225.jpg 300w, https://hofguthomboll.de/wp-content/uploads/2018/02/QLBL4249-768x576.jpg 768w, https://hofguthomboll.de/wp-content/uploads/2018/02/QLBL4249-1024x768.jpg 1024w, https://hofguthomboll.de/wp-content/uploads/2018/02/QLBL4249.jpg 1280w" sizes="auto, (max-width: 300px) 100vw, 300px" /> <img loading="lazy" decoding="async" class="alignnone size-medium wp-image-490" src="https://hofguthomboll.de/wp-content/uploads/2018/02/TOZT6102-300x225.jpg" alt="" width="300" height="225" srcset="https://hofguthomboll.de/wp-content/uploads/2018/02/TOZT6102-300x225.jpg 300w, https://hofguthomboll.de/wp-content/uploads/2018/02/TOZT6102-768x576.jpg 768w, https://hofguthomboll.de/wp-content/uploads/2018/02/TOZT6102.jpg 1024w" sizes="auto, (max-width: 300px) 100vw, 300px" /> <img loading="lazy" decoding="async" class="alignnone size-medium wp-image-491" src="https://hofguthomboll.de/wp-content/uploads/2018/02/VJXN9187-300x225.jpg" alt="" width="300" height="225" srcset="https://hofguthomboll.de/wp-content/uploads/2018/02/VJXN9187-300x225.jpg 300w, https://hofguthomboll.de/wp-content/uploads/2018/02/VJXN9187-768x576.jpg 768w, https://hofguthomboll.de/wp-content/uploads/2018/02/VJXN9187-1024x768.jpg 1024w, https://hofguthomboll.de/wp-content/uploads/2018/02/VJXN9187.jpg 1280w" sizes="auto, (max-width: 300px) 100vw, 300px" /><strong>Zwiebeln und Kürbisse auf dem Hofgut Homboll!</strong></p>
<p>Seit 2016 hat der Junior Philipp Buhl auf dem Hofgut Homboll mit dem Anbau von Zwiebeln begonnen. Zunächst startete er dieses Projekt zur Probe, denn schließlich ist es notwendig, neue Sparten zu erschließen um das Hofgut langfristig zu erhalten. Mit sehr viel Mühe und ohne jegliche maschinelle Unterstützung gelang es Philipp Buhl mit der starken Unterstützung seiner Eltern die Zwiebel regional zu vermarkten. 2017 wurde das Projekt erweitert. Aus 0,3 ha im ersten Jahr wurden es nun 2,5 ha Anbaufläche. Zusätzlich zu den Zwiebeln kamen Kürbisse hinzu. Bei der Menge  an Zwiebeln und Kürbissen ist eine reine Handarbeit nicht mehr möglich. Daher war es notwendig, eine Investition in Maschinenanlagen zu tätigen, die die Arbeit zum einen erleichtern, zum anderen aber auch beschleunigen soll. Es kommt viel Arbeit auf den Hof zu. Daher ist Philipp nach einer Zeit von 3 Jahren  zum Jahreswechsel 2018 voll in den elterlichen Hof eingestiegen und hat somit seine Arbeitsstelle beim Gemüsebau Großhans verlassen. Er war dort seit April 2015 als Qualitätsbeauftragter eingesetzt. Wir sind stolz darauf, einen Hofnachfolger zu haben, der neue Ideen mit einbringt und den Bestand des Hofguts langfristig sichert.</p>

<p>Zwiebeln und Kürbisse auf dem Hofgut Homboll! Seit 2016 hat der Junior Philipp Buhl auf dem Hofgut Homboll mit dem Anbau von Zwiebeln begonnen. Zunächst startete er dieses Projekt zur Probe, denn schließlich ist es notwendig, neue Sparten zu erschließen um das Hofgut langfristig zu erhalten. Mit sehr viel Mühe und ohne jegliche maschinelle Unterstützung &hellip; <a href="https://hofguthomboll.de/?page_id=486" class="more-link"><span class="screen-reader-text">Gemüsebau</span> weiterlesen <span class="meta-nav">&rarr;</span></a></p>
